t are the prime factors of j(y)?
2, 5
Let x be 40/10*13/1. Let a = -39 + x. What are the prime factors of a?
13
Let n = -481 - -833. List the prime factors of n.
2, 11
Suppose -348 - 964 = -2*j. List the prime factors of j.
2, 41
Let f(d) = -4*d - 4. Let b be f(-3). Let u(r) = 8 + b + 0 + r. What are the prime factors of u(16)?
2
Let w(d) = -138*d**3 - 12*d**2 - 44*d + 1. List the prime factors of w(-3).
11, 31
Suppose 0 = -4*l - 27 + 19. What are the prime factors of 220 - (8 + -3) - l?
7, 31
Let v = -88 + 68. What are the prime factors of -2*466/(-12) - v/60?
2, 3, 13
Let u = 11 + -11. Suppose u = -8*q + 7*q + 33. What are the prime factors of q?
3, 11
Let s = 8 - -22. Let h = 31 - s. List the prime factors of (-42)/14 + 22*h.
19
Let f be 3*-91*(-4 - -3). Suppose 3*q - 5*q = 0. Suppose 5*z + 93 - f = q. List the prime factors of z.
2, 3
Suppose 0 = -2*o + 4*f - 8, -5*o + 3*f = -0 - 1. Suppose 3*c = -o*c. List the prime factors of 84/6 + (c - -4).
2, 3
Suppose -25 = -0*q - 5*q. Suppose l + 1224 = q*l. List the prime factors of l.
2, 3, 17
Suppose -46 = -6*s + 14. Let p(x) = -x**3 + 11*x**2 - 9*x - 3. Let q be p(s). Let y = 22 + q. What are the prime factors of y?
29
Let b(z) = -z**2 - 14*z + 17. Let a(g) = g**3 + 4*g**2 + 3*g - 3. Let c be a(-4). Let h be b(c). What are the prime factors of (-9)/(-6) + 83/h?
43
Suppose 0*x - x = -5. Let p be (48/x)/(9/(-30)). List the prime factors of p/(-40)*(-1 - -11).
2
Let v(c) = c + 2. Let l(h) = 2*h**2 + 1. Let u = 7 - 8. Let z be l(u). What are the prime factors of v(z)?
5
Let f(o) be the first derivative of -o**2/2 - 11*o - 13. Let l be f(-15). Suppose 126 = 2*g - 2*x, 4*g - 288 = -x - l*x. List the prime factors of g.
67
Let g = -2132 + 4568. What are the prime factors of g?
2, 3, 7, 29
Let f = 54 + -24. Suppose 4*a = 4*n + 40, 2*a + 3*a - n - f = 0. Suppose 9 = 4*b - a*c, 2*c + 5 = 2*b - 1. List the prime factors of b.
2, 3
Suppose 0 = y - 4*y - 24. Let c be y/6*(-195)/5. Let h = -30 + c. List the prime factors of h.
2, 11
Let c be -51*(10/(-6) - -1). Let s be (1/(-2))/((-11)/44). Suppose 4*g = -3*b + 34, -s*b = 3*b + g - c. What are the prime factors of b?
2, 3
Suppose 0 = 6*q + 3*q - 6030. What are the prime factors of q?
2, 5, 67
Let f = -21 + 11. Let b(c) = -4*c - 15. List the prime factors of b(f).
5
Suppose -3*y = -4*y + 527. List the prime factors of y.
17, 31
Let z(o) be the first derivative of -o**3/3 + 17*o**2/2 - o - 11. What are the prime factors of z(8)?
71
Let t = 25 + 16. Let s = t - 18. List the prime factors of s.
23
Suppose 4*y - 171 - 69 = 0. Suppose x = 20 + y. Suppose -x = -n - n. What are the prime factors of n?
2, 5
What are the prime factors of (5 + 51711/(-55))/(2/(-10))?
2, 7, 167
Suppose 4*x - 1326 = -3*w, -2013 = -5*x - 3*w - 354. What are the prime factors of x?
3, 37
Let g be 1*-2*86/2. Suppose -5*v - 2*l = 281, -5*l + 0*l + 295 = -5*v. Let x = v - g. What are the prime factors of x?
29
What are the prime factors of 2 + (-1 - (-7 + 5 + -487))?
2, 5, 7
Let w = -208 + 248. List the prime factors of w.
2, 5
Suppose -m = 7*m - 16. Suppose -4*i + m + 94 = p, -p = -5*i - 96. What are the prime factors of p?
2, 3
Let w(v) = 8*v**3 - 2*v**2 - 4*v + 16. List the prime factors of w(4).
2, 3, 5
Let p(r) = 23*r**2 - 27*r - 254. What are the prime factors of p(-8)?
2, 3, 239
Suppose 2*v - 3 = v. Suppose 5*i + s - 18 = v*s, 20 = -5*s. Suppose 0 = j - 0*y - 3*y - 28, -i*y + 43 = j. What are the prime factors of j?
37
Let s(b) = -b**3 - 7*b**2 - b - 7. Let w be s(-7). Suppose -5*z = -w*z. Suppose -2*g = -0*g + r - 77, z = -3*g - 2*r + 115. What are the prime factors of g?
3, 13
Let b = 711 - -278. List the prime factors of b.
23, 43
Let m(t) = 7*t - 9. Let q be m(2). Suppose -4 = -5*k + k, 2*d - 195 = q*k. What are the prime factors of d?
2, 5
Suppose 43*q - 38*q + 5 = 0. What are the prime factors of ((q*40)/5)/((-2)/5)?
2, 5
Let t(h) = 11*h + 1 - h + 17*h - 5. List the prime factors of t(3).
7, 11
Suppose 3*v + 1128 = 3*f, -5*v - 683 = 4*f - 2178. List the prime factors of f.
3, 5
Suppose 4*m + 4*b = 6364, 3323 = 2*m - 4*b + 153. List the prime factors of m.
7, 227
Let a(j) be the third derivative of j**5/30 + j**4/24 + 47*j**3/6 - j**2. Suppose -21*u = -3*u. List the prime factors of a(u).
47
Let c(z) = -3*z**2 + 2*z + 3. Let w(o) = o**2 + 4*o - 7. Let v be w(-5). Let q be c(v). Let r = 6 - q. What are the prime factors of r?
19
Suppose -d + 5*d - 16 = 0. Suppose -d*u = 4*l - 132, -4*u = u - 5*l - 125. Suppose -11 = -4*a + 4*f + u, 3*a - 2*f - 25 = 0. What are the prime factors of a?
5
Let l = 651 - 307. Let y = l - 200. What are the prime factors of y?
2, 3
Let w(z) = 2*z - 3. Let h be w(4). Let c(u) be the second derivative of u**4/12 + u**3/6 - 5*u**2/2 + u. What are the prime factors of c(h)?
5
Let m = 226 + -125. Suppose 0 = -4*g + 29 - m. Let k = -13 - g. List the prime factors of k.
5
Let d = 1003 - 679. Let f = d - 192. List the prime factors of f.
2, 3, 11
Let o(t) = -2*t**2 - 90*t + 19. What are the prime factors of o(-29)?
947
Suppose g - 30 = -0*g. Suppose 4*d + 2 = -g. What are the prime factors of (d/5)/(4/(-30))?
2, 3
Suppose -2*i + f = -9, 2*i + 11 = -2*f - f. Suppose -244 = i*d - 6*d. What are the prime factors of d?
61
Suppose 1 = -4*l + 9. Let i be 90*l/8*-2. List the prime factors of (-36)/i + (-246)/(-5).
2, 5
Suppose 5*x - 2157 = -5*a - 152, 3*x = -15. List the prime factors of a.
2, 7, 29
Let p(i) = -15*i - 1. Let x(m) = m**2 - 1. Let s be x(-2). Let y(w) = -3*w + 6. Let c be y(s). List the prime factors of p(c).
2, 11
Suppose 2*d = -2*d + 40. What are the prime factors of (-120)/(-16)*32/d?
2, 3
Let o(q) = 820*q + 102. What are the prime factors of o(2)?
2, 13, 67
Let f = -67 + 647. Suppose -26 = -6*m + f. What are the prime factors of m?
101
Suppose 2*d = 7 - 1. Suppose 6*h - 67 = -b + d*h, -3*h = 3*b - 231. What are the prime factors of b?
2, 41
Let d be (8/1)/(2/9). Let w = d + -22. Let m = 30 - w. What are the prime factors of m?
2
Suppose -k = 3*k + 212. Let x = k + 96. Let p = x + -22. List the prime factors of p.
3, 7
Let q = -123 + 153. Suppose q*l - 29*l - 30 = 0. List the prime factors of l.
2, 3, 5
Let d = -5 - 51. Let k be -1 - -4 - (d + 0). Let f = k - 35. What are the prime factors of f?
2, 3
Suppose -57673 = -58*b - 9823. What are the prime factors of b?
3, 5, 11
Suppose -2*f + 43 + 7 = -y, 34 = 2*f - 5*y. Let k be (-82)/(-8) - 3/((-48)/(-4)). Suppose 0 = b - k - f. List the prime factors of b.
37
Let j(r) = -5*r**2 + 4*r**2 - 5*r - 15 - 4*r - 9*r. What are the prime factors of j(-11)?
2, 31
Suppose t - 5*t - 24 = 0. Let k(i) = 23*i - 7. Let q be k(-4). What are the prime factors of ((-8)/t)/((-11)/q)?
2, 3
Let z be (-18)/1*(-8)/12. Suppose -9*q + 19*q = 370. Let g = q - z. What are the prime factors of g?
5
Let l = -55 + 49. Let z(y) = y**3 + 4*y**2 - 11*y + 8. What are the prime factors of z(l)?
2
Let i be (-3)/3*(6 - 0). Let o(l) = -4*l - 7. Let a be o(i). Suppose -2*b = -b - a. What are the prime factors of b?
17
Suppose 380 = 3*z - 244. What are the prime factors of z?
2, 13
Suppose 0 = -7*d + 6*d + 39. Let z = d + -35. What are the prime factors of z?
2
Suppose 0 = f - 3*n - 6 + 18, 0 = 4*f + 4*n - 16. Suppose 2*o - 17 = -5*a - 2*o, f = -5*a - o + 8. What are the prime factors of (-1)/a + 3 - -63?
5, 13
Let p = 25 + -12. Let l(f) = f**3 + 6*f**2 + 6*f + 4. Let a be l(-4). Let g = a + p. List the prime factors of g.
5
Let a = 1252 + -435. List the prime factors of a.
19, 43
Let u(s) = 19*s**3 - s**2 - s + 1. Let i be u(1). Suppose 0 = -8*h + 12*h - 396. What are the prime factors of 517/h - 4/i?
5
Suppose 5*t = -3 - 7. Let m be 54/((t/2)/(-1)). Let p = m - 14. What are the prime factors of p?
2, 5
Let a(s) = -68*s**3 - 2*s**2 + 16*s + 17. List the prime factors of a(-3).
1787
Suppose b = 3*b - 4*u - 960, 995 = 2*b + 3*u. List the prime factors of b.
2, 5, 7
Suppose -x = 7 + 33. Let j = -17 - x. List the prime factors of j.
23
Suppose -4 = -3*m + 5. Suppose -2*a + m*c = a - 297, 4*a - 2*c = 400. What are the prime factors of a?
101
Suppose 6*j - 24 = 2*j + 3*x, 3*j - 4*x = 11. Suppose 5*a = j + 1. List the prime factors of a.
2
List the prime factors of 86220/315 + 5/((-35)/(-2)).
2, 137
Let y = -110 - -72. Let q be 14/(-21) - (-692)/1